e
Let u = 16 - 12. Let f be 27/(-18)*u/(-2). Suppose -3 = -f*p + 192. Is p a prime number?
False
Suppose 0 = 3*u - 5*x - 214, x - 290 = -5*u - 4*x. Let y = 298 - u. Is y a prime number?
False
Suppose -5*t - 3 = 7, 2*t = -3*c + 22826. Suppose 29*r - c = 27*r. Is r composite?
True
Let c(m) = 14*m - 6*m**3 - 8 - 7 + 16*m**2 + 7*m**3 + m**2. Is c(-11) composite?
False
Let j = 1 - -11. Let d be (-5)/(10/j*-1). Suppose -3*c + 60 = 2*l + d, -l + c = -17. Is l composite?
True
Suppose 0 = -408*p + 413*p - 16315. Is p prime?
False
Let w be ((-2)/4 + 1)*(24 + -24). Suppose w = -20*d + 22*d - 1174. Is d a prime number?
True
Suppose -3*m + 817 = 2*v, 0 = 3*m + 2 + 7. Is v prime?
False
Suppose -25*m - 3888 = -21*m. Let d = -673 - m. Suppose 3*o = 4*o - d. Is o a prime number?
False
Let t be (-10)/(-4) + 1/(-2). Suppose 2*u = -t*c - 4, 0 = -c - 4*u - 8. Suppose -2*g + 136 + 28 = c. Is g prime?
False
Suppose 2*l - 3*l = 0. Suppose 2*z - 10 = -l*z. Is 1/(-5) + 3176/z prime?
False
Let m(n) = n - 6*n**3 + 7*n**3 - 9*n**3 - n**2 + 1. Let r be m(-1). Suppose -r*c = -11*c + 904. Is c a composite number?
True
Let o = 1820 + 4767. Is o a prime number?
False
Suppose 2*b + 2085 = -2*b + 3*m, 2607 = -5*b + 3*m. Suppose 4*s - 1558 = -2*z, -2*s + 143 = 4*z - 2961. Let d = z + b. Is d a prime number?
False
Suppose -3*v - 2*v - s = -488364, 3*v - 293022 = 3*s. Is v composite?
False
Let o be (-3 - -2)/(-1)*2. Suppose o*x - 322 = 2*u, -2*x - 4*u = -5*x + 483. Is x a prime number?
False
Suppose 4*d - 57 = b, b - 6 = -b. Suppose 0 = -3*u - 0*u - d, -2*m + 5*u = -1155. Is m prime?
False
Let w(a) = -a + 7. Let s be w(-16). Suppose 27*v - 508 = s*v. Is v a prime number?
True
Let s = 115 + -151. Is 1011 + 9/(s/16) composite?
True
Suppose -4*d - 4*s + 3972 = 0, -4*d + s + 4*s + 3999 = 0. Let q = d - 1669. Let r = 78 - q. Is r a prime number?
True
Let p(w) = -438*w**3 - 10*w**2 + 4*w + 6. Is p(-4) a composite number?
True
Let y be ((8/7)/2)/(4/14). Suppose -6*n + 1636 = -y*n. Is n a prime number?
True
Suppose -4*u = 3*u - 2954. Suppose -37 = -5*c + 3*g, -4*g - 45 = -5*c - 4. Is (-5)/(c/3) + u composite?
False
Let o = -3956 - -8365. Is o prime?
True
Let n(z) = 3*z**2 + 3*z - 17. Is n(6) a prime number?
True
Suppose -5*a = -3*k + 10769, -1586 = -4*k - 3*a + 12792. Is k a prime number?
True
Suppose 45*u - 328426 = 31*u. Is u prime?
True
Let o(m) = 26*m**3 - 15*m**2 + 91*m - 11. Is o(10) a composite number?
True
Let a(f) = 2805*f + 103. Is a(64) prime?
True
Suppose -66360 - 69748 = -28*k. Is k prime?
True
Suppose 13*p - 8*p - 70 = 0. Is (-445 - 1)/((-4)/p) a composite number?
True
Suppose -k + 5 = 5*m, 4*k = m - 29 - 14. Let u = k + 13. Is u/1 - (10 + -572) a composite number?
True
Let l be (-1767)/(-4) + 5/20. Suppose -972 = -5*w + 3*f, 4*f - 310 = -4*w + l. Let k = w - -19. Is k prime?
True
Suppose -146 - 144 = -2*r. Suppose -r*q = -140*q - 14915. Is q composite?
True
Let w(i) = -168*i - 13. Let g = -15 + 9. Is w(g) composite?
True
Suppose q + 5*i - 27478 = 15438, 0 = 5*q + 3*i - 214646. Is q prime?
False
Let d(g) = -23*g + 110. Is d(-3) a composite number?
False
Let q = 252 + -120. Let w = 142 - 96. Suppose q = 2*p - w. Is p prime?
True
Let y be 8/(-28) - (-939)/(-21). Let r be y/10*4/(-6). Suppose k = r*k - 1594. Is k composite?
False
Let j = 89 - -9. Let w = j - 43. Is w a prime number?
False
Let w be (-306)/(-72) - (-1)/(-4). Is 2*(-163)/((1 - w)/3) a prime number?
False
Let n = 4669 + -228. Is n a composite number?
False
Let l(v) = v**2 + v. Let b be l(-9). Suppose 0 = -4*z - 2*y + 3*y - 52, 4*z + 4*y = -b. Is 6/z + (-5847)/(-21) composite?
True
Let z(k) = -1806*k + 67. Is z(-8) composite?
True
Let n = -448 - -921. Is n a prime number?
False
Let t(u) be the second derivative of u**3/3 - u**2 - 2*u. Is t(12) prime?
False
Is (7/(-3))/(6/78768*-8) composite?
True
Let h = 204810 + -91745. Is h a prime number?
False
Is (-31628)/(-60) - 2/15 composite?
True
Is 2611 + 3 + 2 + -7 prime?
True
Let x(q) = 254*q**2 - 1. Let y(n) = n**2 - 10*n + 23. Let s be y(4). Is x(s) a prime number?
False
Is (-22569)/(-5) + (-56)/490*7 composite?
False
Let r be 63/2 - 30/20. Suppose 5*h - 4*c = r, -4*c = -2*h + 29 - 5. Suppose 478 = 4*k - h*k. Is k composite?
False
Suppose p + 13256 = -d + 6*p, -4*p - 66396 = 5*d. Is (d/(-10))/(2/5) a composite number?
False
Let j(h) = 4*h + 1 - 9*h**3 - 4 - 3*h + 0*h. Is j(-2) a prime number?
True
Let y(k) = -114*k - 267. Is y(-12) a composite number?
True
Let b(n) be the second derivative of -n**5/20 - 4*n**4/3 - 4*n**3/3 + 7*n**2 + 23*n. Is b(-17) prime?
True
Suppose 6*r - 30 = -0*r. Suppose 0 = -5*j + 6*j - r. Suppose j*a - 719 = u, 0*u + 556 = 4*a + 4*u. Is a a composite number?
True
Suppose -32506 - 7017 = -11*q. Is q a prime number?
True
Is 27/63 + (-312160)/(-28) composite?
False
Let i(c) = -c + 3. Let v be i(-2). Suppose m + 851 = 6*k - 4*k, -v*k - m = -2138. Is k a composite number?
True
Suppose 1082 + 2676 = 5*m - j, 5*j - 736 = -m. Is m a prime number?
True
Let b(t) = -5*t**2 + 5*t - 8. Let o be b(2). Is ((-68)/o - (-2)/9) + 5743 a prime number?
False
Suppose -5*g + 7*y = 6*y - 176100, -g + y = -35216. Is g prime?
True
Let r = -109 - -101. Let w(z) = -3*z**2 + 2*z + 15. Let u(l) = -2*l**2 + l + 10. Let a(n) = 7*u(n) - 5*w(n). Is a(r) a prime number?
True
Let g be 2/(-8) + (-7)/4. Let y be -1 - (-1 - 2 - g). Suppose -2*w = -y*w - 238. Is w composite?
True
Let v(w) = 98*w - 201. Is v(13) a prime number?
False
Suppose 0 = -5*n - 2*s + 17, 4*s = 4*n - 9 - 27. Suppose 0 = 5*g + 4*q - 1410 + 211, -2*g = n*q - 483. Is g prime?
True
Suppose v = -5*d + 99600, -2*d + 6*v + 39827 = 9*v. Is d a composite number?
True
Let o(u) be the first derivative of -55*u**2/2 + 44*u + 17. Is o(-11) prime?
False
Let c be 2154 - (0/3)/(-4). Suppose 0*u = 6*u - c. Is u prime?
True
Is 29942/(4/(-14) + 96/42) a prime number?
False
Suppose 12 = -j - 60. Let s = j + 1655. Is s prime?
True
Suppose 0 = 78*p - 82*p + 20. Is ((-8)/(9 - p))/(6/(-4677)) a prime number?
True
Let y be -2 + (3 + -2)*4. Suppose 3*b - 7*b + 8 = -2*o, 2*b = y*o. Suppose -5*x + 4*f + 393 = 0, -488 = -b*x + f - 178. Is x a composite number?
True
Let b be 1 + 146/(-8) + 24/(-32). Suppose -5*l - 13 = -a, 0 = l - 0*l + 2*a - 4. Is (6420/b)/(l/3) a composite number?
True
Let u(x) be the second derivative of x**4/12 + 75*x**2/2 + 3*x. Let r be u(0). Suppose 2*z - r = 191. Is z composite?
True
Let h(c) = 54*c + 157. Is h(35) a prime number?
False
Is ((-9)/12)/(58/(-1326344)) a prime number?
False
Suppose -k + 40 = 4*k. Is k/(-2) - (-69 + 6) composite?
False
Let g(y) be the second derivative of -6*y**5/5 - y**4/12 + y**3/6 - 3*y**2/2 + 25*y. Is g(-4) prime?
False
Suppose 71*i = 67*i + 56. Let r be 674/10 - 4/10. Let b = r - i. Is b a composite number?
False
Let w = -12 + 12. Suppose w = -7*g - 3 + 17. Suppose g*y = 5*y - 753. Is y prime?
True
Suppose -3*m - 19837 = -6*m - 4*a, -5*a = -4*m + 26408. Is m composite?
False
Let i = -15 + 19. Let p be 2/i*(11 + 1). Suppose p*r + 1975 = 11*r. Is r prime?
False
Let y(b) = -2*b - 9. Let s be y(-10). Suppose 3*j - s = 7. Suppose -4*c + j*c = 5*k - 223, c - 39 = -k. Is k a composite number?
False
Let h(z) = z + 127. Let q be (-4)/(-4 + 3 - 0). Let y be (-1 + 1)*(q - 5). Is h(y) a composite number?
False
Suppose -5*x - 8 = -3*x. Let a be 1 + -2*(x - -3). Suppose 0 = -a*m + r + 172, m - 2*r - 49 = -0*m. Is m prime?
True
Let l(t) = -2*t + 4. Let s be l(8). Let f be 16/56 + s/(-7). Suppose 5*u + 3*d - 289 = 0, -3*d - 126 = -f*u + d. Is u a prime number?
True
Is 59369/21 + 124/(-1302) composite?
True
Let r be (-8)/6 - 16/(-3). Suppose r*s - 2*i - 7628 = 8*s, 3*s + 2*i = -5722. Is 0/3 - s/2 a composite number?
False
Suppose -5*x = -2*j - 472688 - 142235, 0 = 3*x + 5*j - 368929. Is x a prime number?
False
Let w(s) = -4*s + 5. Let b be 43/9 - 20/(-90). Suppose -b*l - 50 = 5*o, -7*l + 3*l = -4*o + 24. Is w(l) composite?
False
Let x = 0 - -32. Let t = x - 32. Suppose t = 4*f - 6*f + 3202. Is f composite?
False
Is (-22569)/6*(2 + -6) a prime number?
False
Let x be 0 - 4 - 56/8. Let d(u) = -u**3 - 10*u**2 - 5*u + 3. Is d(x) prime?
True
Let k(q) = 707*q**2 - 6*q + 8. Is k(3) prime?
True
Suppose 5*o - 2*g - 31 - 4 = 0, 5*g + 11 = 4*o. Let f = 15 - o. Suppose -665 = z - f*z. Is z a prime number?
Fal